 prime factors of 5 - v/(-4) - -354.
2, 5, 7
Suppose 2*z - 5*i + 10*i = -9, -5*z = -2*i - 21. Let f(k) = -3 + 13819*k + 3 + 2*k**2 - 13816*k. List the prime factors of f(z).
3
Let t = 189 + -109. Suppose 2*w - w = 0. Suppose 5*x - 2*d - t = w, -50 = -3*x + 4*d - 2. What are the prime factors of x?
2
Suppose 15*s - 19*s = -1444. Suppose -5*y + s + 478 = 2*b, -491 = -3*y + 5*b. What are the prime factors of y?
167
Suppose 9*f - 1460 = -164. What are the prime factors of f?
2, 3
Suppose -3*v = 4*h - 3914, 3930 = 4*h - 8*v + 3*v. What are the prime factors of h?
2, 5, 7
Let o = -70 - -31. Let i = -20 - o. Suppose -205 = -24*m + i*m. List the prime factors of m.
41
Suppose -4*y = -2*w - 66, 3*y - 48 = -0*w + w. Suppose -3*t - 3 + 0 = h, -4*t - 8 = 0. Suppose -y = h*v, 3*u - 4*v - 156 = -u. List the prime factors of u.
2, 17
Let o = 879 - 839. List the prime factors of o.
2, 5
Suppose 4*d = -5*d + 9. List the prime factors of 10 + 7 + -3 + (d - -2).
17
Suppose 888 = -391*w + 392*w. What are the prime factors of w?
2, 3, 37
Let j(h) = -6*h**2 - 19*h + 23. Let c(a) = 7*a**2 + 20*a - 24. Let g(s) = 5*c(s) + 6*j(s). Let l be g(-15). List the prime factors of l/(-5) + (-984)/(-40).
2, 3
Let o = -17 - -33. Suppose 0 = r - 45 + o. List the prime factors of r.
29
Suppose -3*p = 3*z - 843, 5*p - 2*p = z + 855. What are the prime factors of p?
2, 71
Let c(f) be the second derivative of -f**5/20 - f**4/3 - 4*f**3/3 - 3*f**2/2 - f. List the prime factors of c(-5).
2, 31
Let i be -2*16/12*(-144 - 0). Suppose 7*y + i = 11*y. List the prime factors of y.
2, 3
Suppose 2*g = 5*d - 6*d + 2116, -4*d - 2*g = -8446. List the prime factors of d.
2, 5, 211
Suppose -4*q - 4*h + 1608 = 0, 5*q = 6*h - 2*h + 2046. List the prime factors of q.
2, 7, 29
Suppose -3*a - 505 = 5*z + 2*a, a - 409 = 4*z. Let t = 103 - z. List the prime factors of t.
5, 41
Let u(b) = b**3 - 7*b**2 + 4*b + 2. Let n be u(6). Let k = 6 - n. Let a = k + 1. List the prime factors of a.
17
Suppose 130 = -4*h + 18. Let u = 2 - h. What are the prime factors of u?
2, 3, 5
Suppose -y = 4*a + 4, -4*a = -2*y - 0*a + 16. Suppose 260 = 5*b - 5*c, -2 = y*c - 6*c. List the prime factors of b.
53
Let b = 21 + -37. Let z = b + 19. What are the prime factors of ((-3)/(-6) + z)*2?
7
Let b be 0/(10/(-2) - -3). Suppose 2*i = 4 - b. Suppose i*n - 38 = -0*n. List the prime factors of n.
19
Suppose -5*c + 21 = 2*c. Let x(k) = -k**3 + 3*k**2 + 6. Let s be x(c). Suppose 0 = -11*a + 8*a + s. What are the prime factors of a?
2
Suppose -3*s + 3*t = -78, 0 = -3*s - 0*t - t + 70. Let o be 4/3*(-15)/(-4). Let a = s - o. List the prime factors of a.
19
What are the prime factors of 3/5 + 2/5 - -3019?
2, 5, 151
Let n(o) = 33*o**2 - 2*o - 1. Let j = -31 + 33. List the prime factors of n(j).
127
Let f = -511 + 991. List the prime factors of f.
2, 3, 5
Let i = -14 + 17. Let w be -1*i/(6/(-10)). Suppose 5*h - 189 = 2*k, -h + 0*h - w*k + 27 = 0. What are the prime factors of h?
37
Suppose -3*a + 17 - 5 = 0. Suppose 0*c = 2*c - i - 12, a*i = -4*c + 24. Suppose 5*n - 7 - 3 = -5*y, 5*y = -4*n + c. What are the prime factors of n?
2
Let l be -1 + -1 - 136 - 1. Let p = -11 - l. Suppose -3*g = 5*y - 2*g - p, -5*g = y - 40. List the prime factors of y.
5
Let s = 9 - -1595. List the prime factors of s.
2, 401
List the prime factors of (-15930)/108*(-1 + 0 + -5).
3, 5, 59
Let c = -270 - -150. Let m = c - -181. What are the prime factors of m?
61
Let x(s) = -6*s**2 - s + 192. What are the prime factors of x(0)?
2, 3
Suppose 14*j + 133977 = 85*j. List the prime factors of j.
3, 17, 37
List the prime factors of (-9 + 10)*4/(12/3153).
1051
Suppose -28*n + 2082 = -25*n. List the prime factors of n.
2, 347
Let o(p) = -p + 11. Let g be o(12). Let b be g*(-6 + 3 + 4). List the prime factors of (-136)/(-4) + -2 + b.
31
Suppose -30*w + 24*w + 2316 = 0. List the prime factors of w.
2, 193
Suppose 0 = -4*k + 84 + 576. List the prime factors of (k/(-18))/(11/(-66)).
5, 11
What are the prime factors of 1/(-4) - 2372/(-16)*5?
3, 13, 19
Let a(d) = d**2. Let r(i) = i**3 + 2*i**2 - 2*i + 7. Let c(t) = -2*a(t) - r(t). Let n be c(-5). Let p(h) = 2*h + 11. List the prime factors of p(n).
3
What are the prime factors of 1934/2*33/((-858)/(-52))?
2, 967
Let s = 60 + -57. Let m(u) = 2*u**3 - 3*u**2 + 2*u + 3. List the prime factors of m(s).
2, 3
Let i = 2077 + 64. What are the prime factors of i?
2141
Suppose 2*p = -2*o - 3*p + 22, 5*o + 4*p - 89 = 0. What are the prime factors of 56/36*o*3?
2, 7
Let n(a) be the third derivative of a**5/60 + 4*a**3/3 - 14*a**2. List the prime factors of n(8).
2, 3
Let u(o) = o + 3. Let t be u(0). Suppose 2*n - 6*n - 2*s = -20, -t*s + 21 = 3*n. List the prime factors of n.
3
Let c(g) = 225*g - 1. What are the prime factors of c(1)?
2, 7
Suppose 3*l + 4*s = l + 14, -3*l + 16 = s. Suppose 5*d - 305 = l*q, 0 = 2*d - 3*q + 7 - 126. Let y = d + -32. What are the prime factors of y?
2
Let c(g) = -g + 14. Let v be c(12). List the prime factors of 59 + (6/v - 2).
2, 3, 5
Let a(k) = 14*k + 506. What are the prime factors of a(0)?
2, 11, 23
Let y(l) = 9*l**3 - 4*l**2 - 9*l + 8. Let n(g) = 4*g**3 - 2*g**2 - 5*g + 4. Let h(u) = -5*n(u) + 3*y(u). What are the prime factors of h(2)?
2, 3
Suppose -n + 100 = 4*n. Suppose 4*l + n = -l. List the prime factors of 7 - (-2 - (l + 6)).
11
List the prime factors of ((-8)/(-1) - 1) + 1189.
2, 13, 23
Let x(y) = 798*y**2 + 7*y - 7. What are the prime factors of x(1)?
2, 3, 7, 19
Let z = -719 - -1077. What are the prime factors of z?
2, 179
Suppose -2*m = 5*p - 4541, p + 389 - 1290 = -4*m. What are the prime factors of p?
3, 101
Let v(k) be the third derivative of -k**5/60 - 17*k**4/24 + 11*k**3/3 - 23*k**2. List the prime factors of v(-12).
2, 41
Suppose 3 = 2*n - 1. Suppose -n*z - 82 = -4*z. Suppose 111 = 5*o + z. What are the prime factors of o?
2, 7
Let x = 918 - 275. What are the prime factors of x?
643
Let l(o) = -7*o**3 - 7*o**2 - 11*o - 8. List the prime factors of l(-4).
2, 3, 31
Suppose 8*s - 5 = 3*s. Let a be -3 - (-21)/(4 - s). Suppose -a*x + 15 + 25 = 0. What are the prime factors of x?
2, 5
Suppose 14*s - 28080 = -10*s. List the prime factors of s.
2, 3, 5, 13
Suppose 20 = 4*k, 16*x - 18*x = 4*k - 266. List the prime factors of x.
3, 41
Suppose 3*s = n + 75 - 16, 3*s - 4*n - 56 = 0. Let v = 6 - 3. Suppose -2*r + 3*r = -v*h + s, r + 15 = 2*h. List the prime factors of h.
7
Let u = -10 + 13. Suppose u*h - 254 = -38. List the prime factors of 10/3*h/10.
2, 3
Let y = -257 - -106. Let s = y - -271. List the prime factors of s.
2, 3, 5
Let b(r) = r**3 + r**2. Let w be b(0). Suppose -4*q + 314 = 2*o - w*o, 4*o = q - 56. Let k = q - 45. List the prime factors of k.
31
Let x = 362 + -316. List the prime factors of x.
2, 23
Let g = -107 - -154. What are the prime factors of g?
47
Suppose -l + m - 3*m + 2019 = 0, -3*l + 6072 = 3*m. What are the prime factors of l?
2029
Let i(l) = l**3 + 3*l**2 - 4*l + 3. Let d be i(-4). Suppose 3*q - n = 240 - 54, 3*q + d*n = 198. What are the prime factors of q?
3, 7
Let w(y) = 12*y**2 - 2*y - 1. Let v = -11 - -5. Let i be -4 + (-4)/(8/v). List the prime factors of w(i).
13
Let i(y) = -y**2 + 1. Let k(b) = 5*b**2 - 13*b + 22. Let a(p) = 2*i(p) + k(p). What are the prime factors of a(10)?
2, 97
Let x(j) be the third derivative of -j**6/120 + 15*j**3/2 - j**2. Let o be 17/(-85) + (-2)/(-10). List the prime factors of x(o).
3, 5
Suppose 0 = m - 5*m - 5*a + 4261, 0 = -5*a - 15. What are the prime factors of m?
1069
Let u(v) = 2*v**2 - 18*v + 279. List the prime factors of u(17).
19, 29
Suppose -3*w + 0*o = -5*o - 110, -4*o = 5*w - 171. List the prime factors of w.
5, 7
Suppose 4*c - 629 - 634 = -h, 2*c - 4*h - 618 = 0. List the prime factors of c.
3, 5, 7
Suppose 1200 = 4*n - 632. What are the prime factors of n?
2, 229
Let p(t) = t**3 + 4*t**2 - 5*t + 6. Let q be 6/(-14) + 224/(-49). Let o be p(q). Let a = 0 + o. List the prime factors of a.
2, 3
Let k = 10372 - 6414. What are the prime factors of k?
2, 1979
Let o be ((-56)/(-5))/((-14)/(-455)). Suppose o = -5*r - 206. List the prime factors of 56/(-42)*r/4.
2, 19
Let n(w) = -w**2 - 4*w - 9. Let s be n(-8). Let f = s - -93. Suppose f = 3*m + m. List the prime factors of m.
13
Let z(l) = 3*l**3 + 12*l**2 + l - 2. Let y(p) = -4*